b and 36?
12
Let x = 454 + -267. Let l = 193 - x. What is the highest common factor of l and 24?
6
Suppose -147*j + 1836 = -120*j. Calculate the greatest common divisor of j and 969.
17
Suppose q + 4*c = 84, q - 5*c - 2366 + 2237 = 0. Calculate the greatest common factor of 3926 and q.
26
Let t = -8600 + 26363. Calculate the highest common factor of 93 and t.
93
Suppose 5*a - 19 = -4. Let b be 510/9 - 2/a. Calculate the highest common factor of b and 28.
28
Suppose c = -3*d + 7, 5 = 3*d - 4*c + 3. Suppose 2 = d*n - n. Suppose -4*f = -n*f - 18. What is the highest common divisor of 63 and f?
9
Let r(x) = -330*x - 7918. Let m be r(-34). What is the highest common divisor of 52 and m?
26
Let d = -7001 + 7014. Calculate the highest common divisor of 78 and d.
13
Suppose 0 = -14*c + 17*c + 1422. Let x be 5 + c/(-12) + 2/4. What is the highest common divisor of 30 and x?
15
Let c = -163 + 178. Let g(f) = -f**3 + 14*f**2 + 13*f + 48. Let l be g(c). Calculate the greatest common factor of l and 48.
6
Let o be ((-1)/6)/(6*(-6)/133272). Suppose o*j - 620*j + 270 = 0. What is the greatest common factor of 24 and j?
6
Suppose 262*u + 4156 - 9318 - 26540 = 0. Calculate the greatest common divisor of 495 and u.
11
Let u(a) = -a - a + 0*a - a + 4*a**2 + 18. Let d be u(9). What is the greatest common factor of d and 90?
45
Let v be (((-15)/45)/(1/(-2170)))/((-2)/(-3)). Calculate the highest common divisor of v and 70.
35
Suppose 4*g + 30688 = 4*y, 0 = -2*y + 516*g - 521*g + 15295. Calculate the greatest common factor of y and 630.
105
Let o be ((-344)/12)/(12/(-18)). Calculate the highest common divisor of o and 3827.
43
Let w be 66/(-78) - -1 - 30/26. Let c be (4 - 0) + -2 + 1*w. Let u be c + 4/2 - -11. Calculate the greatest common divisor of 56 and u.
14
Suppose -2*n - 2*n + 68 = 3*y, 4*y = -5*n + 85. Let g = -438 + 411. Let d be 121 - 12/g*(-63)/14. Calculate the highest common divisor of d and n.
17
Suppose -r - 3*u = 445, 3*r - 22*u + 1335 = -27*u. Let l = 501 + r. What is the highest common divisor of 3 and l?
1
Let u(g) = g**2 - 438*g + 1316. Let b be u(3). What is the greatest common factor of b and 6875?
11
Suppose -4*p = -i - 11393, 34*i - 39*i = -15. What is the greatest common factor of 308 and p?
77
Let t = -8908 - -8950. What is the highest common factor of t and 10556?
14
Let h be 8 + 102184/318 + 2/(-6). Calculate the greatest common divisor of h and 141.
47
Let y(z) = -z**3 - 19*z**2 + 193*z + 368. Let o be y(-26). Suppose m = 2*n - 411, -2*m = 5*n + 2*m - 1021. Calculate the greatest common factor of n and o.
41
Let a be (-3)/6 + (-945)/(-14) + -1. What is the greatest common divisor of 78 and a?
6
Suppose -12 = -3*k, -u - 30 - 18 = -3*k. Let w = 66 + u. Let b(n) = n**3 + 4*n**2 - 20*n - 69. Let v be b(-5). Calculate the greatest common divisor of w and v.
6
Let b = 14 - 14. Suppose -5*y + 0 + 11 = -2*r, 3*r - 4*y - 1 = b. Let h be 2 + r - (-6 + 3). Calculate the highest common factor of 18 and h.
6
Suppose -9*i + 1224 = -8*i. Suppose 2*o - 368 = -5*z, 33*z - 31*z + 3*o = 156. What is the highest common divisor of i and z?
72
Let w be 15 + (-4)/(-2) - 2. Let d(y) = 7*y - 22. Let m be d(16). Let k be (-13 + 7)/((-4)/m). Calculate the highest common factor of w and k.
15
Suppose 2*f - g - 118 = 0, 0 = -5*f + 5*g - 0*g + 290. Let z be ((-2350)/(-47))/((-2)/(-3)). What is the highest common divisor of z and f?
15
Let g(x) = 12*x**2 - 5*x - 10. Let z be g(-4). Let c = 216 - z. Let l(p) = 6*p + 8. Let k be l(8). Calculate the greatest common factor of c and k.
14
Let k(f) = f**2 - 7*f + 20. Let a be k(15). Suppose 15 = -5*g + a. What is the highest common divisor of 25 and g?
25
Suppose -73*u + 0*u = -10950. What is the greatest common divisor of u and 111?
3
Let y be (-616)/(-2) - (15 + -11). Let s(b) = -b**2 + 74. Let h be s(6). Calculate the highest common divisor of y and h.
38
Let q = 1 - 25. Let x = -31 - q. Let d be (60/(-21) - (-1)/x) + 135. Calculate the highest common divisor of d and 44.
44
Let c = -145 + 164. Let r = c + 29. Calculate the greatest common factor of r and 18.
6
Let m(a) = 46*a + 58. Let b be m(1). Let l = -125 + 63. Let u = l + b. Calculate the highest common divisor of 28 and u.
14
Let i(w) = 63*w**2 + 118*w - 1545. Let b be i(12). What is the greatest common divisor of b and 66?
33
Suppose 45*d - 3307 = 113. Suppose 4*p - d = -2*i, 2*i = -p - 0*i + 13. What is the greatest common divisor of 18 and p?
3
Let d = -2402 - -2495. Calculate the highest common divisor of 45 and d.
3
Suppose 21*b = -13*b + 27*b + 1309. Calculate the greatest common divisor of 136 and b.
17
Let f = -416 - -417. Let g be (13 - f)/(45/420). What is the greatest common divisor of 392 and g?
56
Let w be (-620)/(-6 - -4) - 0. What is the highest common divisor of w and 248?
62
Suppose 29*j = -76 - 98. Let x be 1 + j/5 - (-1628)/740. What is the highest common divisor of x and 38?
2
Let h = -218 - -142. Let b be 2 + (2 - 1) + 103. Let x = b + h. What is the highest common factor of 18 and x?
6
Suppose -139*n + 8320 = -19202. What is the highest common factor of n and 162?
18
Let s(z) = -17*z**3 - z**2 - 3*z - 3. Let w(g) = 3*g + 25. Let y be w(-9). Let p be s(y). Let i = p - 39. What is the greatest common factor of i and 64?
32
Suppose 10*h + 175 = 495. Let n = -159 - -175. Calculate the greatest common divisor of n and h.
16
Suppose 35380 = 51*p - 48*p + o, 59020 = 5*p - 5*o. What is the greatest common factor of p and 12?
12
Let r be 1411422/5427 - 2/27. What is the greatest common divisor of r and 540?
20
Let b = 151 + -252. Let i = b + 209. Calculate the highest common factor of i and 27.
27
Let m be (-4)/18 - (300/(-135) - 11). Suppose 206 = 2*s + 14. Suppose o - s = -k - 0*o, -2*o = 3*k - 283. Calculate the greatest common factor of k and m.
13
Let x(v) = 9*v + 54. Let o be (1*9)/((-45)/30). Let z be x(o). Suppose -t + 1 = z, -5*n - 7*t + 433 = -4*t. What is the greatest common divisor of n and 129?
43
Suppose -2163 = -3*s - 65*w + 61*w, -9 = 3*w. What is the greatest common factor of 377 and s?
29
Suppose -4*v + v + n + 9 = 0, 2*n = -4*v + 12. Suppose 9*u + 181 = -458. Let d = 83 + u. What is the greatest common factor of d and v?
3
Let v(k) = -k**3 - 3*k**2 - 4*k - 6. Let c be v(-4). Let o = 28946 + -28944. What is the greatest common divisor of c and o?
2
Suppose -2 = n - 3, -2*n - 9 = w. Let s = w + 21. Let o(f) = 5*f + 70. Let v be o(-8). What is the highest common factor of s and v?
10
Let w be ((-5)/10)/((-96173)/(-19236) - 5). What is the highest common factor of 6 and w?
6
Let r = 287 + -213. Suppose 0 = h - 4*s - r, -h + 6*h = 5*s + 310. Calculate the highest common divisor of h and 29.
29
Suppose -3*s - 78095 = -5*g, 0 = -5*g - 5*s - 0*s + 78135. What is the greatest common factor of 292 and g?
146
Let h = 1409 + -1357. Let x be 258/3 - (-1 - -2). Let a = x + -7. Calculate the highest common factor of a and h.
26
Let g(m) = m**2 - 64*m + 417. Let h be g(61). Calculate the greatest common divisor of h and 442.
26
Suppose -224*p + 247*p = 253. Let t be (-9 + -2)/((-2)/34). What is the greatest common divisor of p and t?
11
Let y(s) = s**3 - 9*s**2 - 8*s - 18. Let h be y(10). Suppose -688 = -d - 4*o, h*d - 1388 = -6*o + o. What is the highest common factor of 32 and d?
32
Let r(z) = 132*z**3 + 2*z - 3. Let q be r(1). What is the highest common factor of 1703 and q?
131
Suppose 7*g = 2*g + 400. Suppose -1214*x = -1209*x - g. What is the highest common factor of x and 56?
8
Let x(i) = -11*i - 34. Let v(n) = n + 1. Let j(r) = -2*v(r) + x(r). Let p be j(-16). Suppose 3*m - p = 62. Calculate the highest common factor of 26 and m.
26
Let c = -33941 - -39549. What is the highest common factor of 56 and c?
8
Let j = 958 + -867. Let v(c) = -87*c + 2. Let a be v(-7). Suppose 8*u = -j + a. Calculate the highest common divisor of u and 26.
13
Let m be (288 + 0)*((-51)/(-9) - 1). Suppose m = 35*g - 11*g. What is the greatest common divisor of 16 and g?
8
Let l = -18 + 248. Let v = l + -140. What is the greatest common divisor of 36 and v?
18
Let d(c) = -9*c**3 - c**2 - c - 2. Let j be d(-2). Let z = j - 26. Suppose -z = -3*l + 9. What is the highest common divisor of l and 17?
17
Let m(a) = a + 41. Let z be m(22). Let s be -3*(-2)/12 + z/6. W